{"id":15282,"date":"2014-06-03T07:58:17","date_gmt":"2014-06-03T07:58:17","guid":{"rendered":"http:\/\/demo.qodeinteractive.com\/bridge11\/?page_id=15282"},"modified":"2024-03-03T05:00:48","modified_gmt":"2024-03-03T05:00:48","slug":"our-process","status":"publish","type":"page","link":"https:\/\/almaga.pe\/?page_id=15282","title":{"rendered":"Nuestros Servicios"},"content":{"rendered":"<section class=\"wpb-content-wrapper\"><p>[vc_row css_animation=\u00bb\u00bb row_type=\u00bbrow\u00bb use_row_as_full_screen_section=\u00bbno\u00bb type=\u00bbgrid\u00bb angled_section=\u00bbno\u00bb text_align=\u00bbleft\u00bb background_image_as_pattern=\u00bbwithout_pattern\u00bb padding_top=\u00bb109&#8243; padding_bottom=\u00bb110&#8243; background_color=\u00bb#f8f8f8&#8243;][vc_column width=\u00bb1\/2&#8243;][vc_single_image image=\u00bb15674&#8243; img_size=\u00bbfull\u00bb alignment=\u00bbcenter\u00bb qode_css_animation=\u00bbelement_from_left\u00bb qode_hover_animation=\u00bbzoom_in\u00bb transition_delay=\u00bb0.3&#8243;][\/vc_column][vc_column width=\u00bb1\/2&#8243;][vc_separator type=\u00bbtransparent\u00bb up=\u00bb37&#8243; down=\u00bb0&#8243;]<div class=\"custom_font_holder\" style=\"font-family: Montserrat; font-size: 30px; line-height: 36px; font-style: normal; font-weight: 700; color: #ffffff; text-decoration: none; letter-spacing: 1px; text-align: center;\"><span style=\"color: #000000;\"><strong>Limpieza Integral Especializada<\/strong><\/span><\/div>[vc_separator type=\u00bbsmall\u00bb position=\u00bbcenter\u00bb up=\u00bb19&#8243; down=\u00bb21&#8243; color=\u00bb#dadada\u00bb transparency=\u00bb1&#8243; width=\u00bb65&#8243;][vc_column_text]<\/p>\n<p style=\"text-align: center;\"><i>Garantizamos un ambiente limpio y las condiciones higi\u00e9nicas para el \u00f3ptimo desarrollo de <\/i><i>sus<\/i><i> actividades profesionales.<\/i><\/p>\n<p>[\/vc_column_text][vc_separator type=\u00bbsmall\u00bb position=\u00bbcenter\u00bb up=\u00bb19&#8243; down=\u00bb21&#8243; color=\u00bb#dadada\u00bb transparency=\u00bb1&#8243; width=\u00bb65&#8243;][vc_column_text]<\/p>\n<ul>\n<li>Limpieza general de oficinas, edificios y departamentos.<\/li>\n<li>Limpieza especializada de altura ( fachadas, vidrios, muro cortina, t\u00f3tems, letreros, toldos, racks y estructuras diversas).<\/li>\n<li>Limpieza fina de obra pre-operativa.<\/li>\n<li>Lavado de alfombra, sillas y sillones.<\/li>\n<li>Limpieza y abrillantado de pisos.<\/li>\n<\/ul>\n<p>[\/vc_column_text][\/vc_column][\/vc_row][vc_row css_animation=\u00bb\u00bb row_type=\u00bbrow\u00bb use_row_as_full_screen_section=\u00bbno\u00bb type=\u00bbgrid\u00bb angled_section=\u00bbno\u00bb text_align=\u00bbleft\u00bb background_image_as_pattern=\u00bbwithout_pattern\u00bb padding_top=\u00bb109&#8243; padding_bottom=\u00bb110&#8243; background_color=\u00bb#ffffff\u00bb][vc_column width=\u00bb1\/2&#8243;][vc_separator type=\u00bbtransparent\u00bb up=\u00bb37&#8243; down=\u00bb0&#8243;]<div class=\"custom_font_holder\" style=\"font-family: Montserrat; font-size: 30px; line-height: 36px; font-style: normal; font-weight: 700; color: #ffffff; text-decoration: none; letter-spacing: 1px; text-align: center;\"><span style=\"color: #000000;\">Saneamiento Ambiental y Control de Plagas<br \/>\n<\/span><\/div>[vc_separator type=\u00bbsmall\u00bb position=\u00bbcenter\u00bb up=\u00bb19&#8243; down=\u00bb21&#8243; color=\u00bb#dadada\u00bb transparency=\u00bb1&#8243; width=\u00bb65&#8243;][vc_column_text]<\/p>\n<p style=\"text-align: center;\">Nuestra preocupaci\u00f3n es lograr que su instalaci\u00f3n no tenga incidencias de ning\u00fan tipo de plagas. Para ellos brindamos asesoramiento sobre las medidas preventivas y\/o correctivas que se deben llevar a cabo para\u00a0evitar la aparici\u00f3n de plagas.<\/p>\n<p>[\/vc_column_text][vc_separator type=\u00bbsmall\u00bb position=\u00bbcenter\u00bb up=\u00bb19&#8243; down=\u00bb21&#8243; color=\u00bb#dadada\u00bb transparency=\u00bb1&#8243; width=\u00bb65&#8243;][vc_column_text]<\/p>\n<ul>\n<li>Desinsectaci\u00f3n<\/li>\n<li>Fumigaci\u00f3n ecol\u00f3gica<\/li>\n<li>Desratizaci\u00f3n \u2013 control de roedores<\/li>\n<li>Desinfecci\u00f3n de ambientes<\/li>\n<li>Control aviar<\/li>\n<li>Limpieza y succi\u00f3n de pozo s\u00e9ptico<\/li>\n<li>Limpieza y desinfecci\u00f3n\u00a0 de tanques y cisternas de agua<\/li>\n<li>Limpieza y succi\u00f3n de trampas de grasa<\/li>\n<\/ul>\n<p>[\/vc_column_text][vc_separator type=\u00bbtransparent\u00bb up=\u00bb37&#8243; down=\u00bb0&#8243;][\/vc_column][vc_column width=\u00bb1\/2&#8243;][vc_single_image image=\u00bb15676&#8243; img_size=\u00bbfull\u00bb alignment=\u00bbcenter\u00bb qode_css_animation=\u00bbelement_from_right\u00bb qode_hover_animation=\u00bbzoom_in\u00bb transition_delay=\u00bb0.6&#8243;][\/vc_column][\/vc_row][vc_row css_animation=\u00bb\u00bb row_type=\u00bbrow\u00bb use_row_as_full_screen_section=\u00bbno\u00bb type=\u00bbgrid\u00bb angled_section=\u00bbno\u00bb text_align=\u00bbleft\u00bb background_image_as_pattern=\u00bbwithout_pattern\u00bb padding_top=\u00bb109&#8243; padding_bottom=\u00bb110&#8243; background_color=\u00bb#f8f8f8&#8243;][vc_column width=\u00bb1\/2&#8243;][vc_single_image image=\u00bb15623&#8243; img_size=\u00bbfull\u00bb alignment=\u00bbcenter\u00bb qode_css_animation=\u00bbelement_from_left\u00bb qode_hover_animation=\u00bbzoom_in\u00bb transition_delay=\u00bb0.3&#8243;][\/vc_column][vc_column width=\u00bb1\/2&#8243;][vc_separator type=\u00bbtransparent\u00bb up=\u00bb37&#8243; down=\u00bb0&#8243;]<div class=\"custom_font_holder\" style=\"font-family: Montserrat; font-size: 30px; line-height: 36px; font-style: normal; font-weight: 700; color: #ffffff; text-decoration: none; letter-spacing: 1px; text-align: center;\"><span style=\"color: #000000;\">Mantenimiento general de instalaciones<\/span><\/div>[vc_separator type=\u00bbsmall\u00bb position=\u00bbcenter\u00bb up=\u00bb19&#8243; down=\u00bb21&#8243; color=\u00bb#dadada\u00bb transparency=\u00bb1&#8243; width=\u00bb65&#8243;][vc_column_text]<\/p>\n<p style=\"text-align: center;\">Ofrecemos soluciones para que sus equipos e instalaciones est\u00e9n en un \u00f3ptimo estado de mantenimiento que\u00a0 permita mejorar su productividad y genere ahorro.<\/p>\n<p>[\/vc_column_text][vc_separator type=\u00bbsmall\u00bb position=\u00bbcenter\u00bb up=\u00bb19&#8243; down=\u00bb21&#8243; color=\u00bb#dadada\u00bb transparency=\u00bb1&#8243; width=\u00bb65&#8243;][vc_column_text]<\/p>\n<ul>\n<li>Climatizaci\u00f3n:<br \/>\n&#8211; Mantenimiento preventivo y correctivo de A\/A<br \/>\nServicios de Pintura (interiores, exteriores, fachadas)<\/li>\n<li>Gasfiter\u00eda:<br \/>\n&#8211; Mantenimiento y reparaci\u00f3n de bombas de agua<br \/>\n&#8211; Mantenimiento y desatoro de tuber\u00edas<br \/>\n&#8211; Filtraciones<br \/>\n&#8211; Servicio de gasfiter\u00eda en general.<\/li>\n<li>Electricidad<br \/>\n&#8211; Mantenimiento de tableros<br \/>\n&#8211; Mantenimiento de sistema el\u00e9ctrico en general.<br \/>\n&#8211; Mantenimiento de sistema de luces<br \/>\n&#8211; Mantenimiento y Certificaci\u00f3n de Pozo a Tierra<br \/>\n&#8211; Certificaci\u00f3n para luces de emergencia<\/li>\n<\/ul>\n<p>[\/vc_column_text][\/vc_column][\/vc_row][vc_row css_animation=\u00bb\u00bb row_type=\u00bbrow\u00bb use_row_as_full_screen_section=\u00bbno\u00bb type=\u00bbgrid\u00bb angled_section=\u00bbno\u00bb text_align=\u00bbleft\u00bb background_image_as_pattern=\u00bbwithout_pattern\u00bb padding_top=\u00bb109&#8243; padding_bottom=\u00bb110&#8243; background_color=\u00bb#ffffff\u00bb][vc_column width=\u00bb1\/2&#8243;][vc_separator type=\u00bbtransparent\u00bb up=\u00bb37&#8243; down=\u00bb0&#8243;]<div class=\"custom_font_holder\" style=\"font-family: Montserrat; font-size: 30px; line-height: 36px; font-style: normal; font-weight: 700; color: #ffffff; text-decoration: none; letter-spacing: 1px; text-align: center;\"><span style=\"color: #000000;\">Servicios de Jardiner\u00eda<\/span><\/div>[vc_separator type=\u00bbsmall\u00bb position=\u00bbcenter\u00bb up=\u00bb19&#8243; down=\u00bb21&#8243; color=\u00bb#dadada\u00bb transparency=\u00bb1&#8243; width=\u00bb65&#8243;][vc_column_text]<\/p>\n<p style=\"text-align: center;\">Complementamos \u00a0los siguientes servicios para el mantenimiento de sus exteriores:<\/p>\n<p>[\/vc_column_text][vc_separator type=\u00bbsmall\u00bb position=\u00bbcenter\u00bb up=\u00bb19&#8243; down=\u00bb21&#8243; color=\u00bb#dadada\u00bb transparency=\u00bb1&#8243; width=\u00bb65&#8243;][vc_column_text]<\/p>\n<ul>\n<li>Mantenimiento de jardines<\/li>\n<li>Reposici\u00f3n de plantas<\/li>\n<li>Dise\u00f1o y decoraci\u00f3n de exteriores<\/li>\n<\/ul>\n<p>[\/vc_column_text][vc_separator type=\u00bbtransparent\u00bb up=\u00bb37&#8243; down=\u00bb0&#8243;][\/vc_column][vc_column width=\u00bb1\/2&#8243;][vc_single_image image=\u00bb15657&#8243; img_size=\u00bbfull\u00bb alignment=\u00bbcenter\u00bb qode_css_animation=\u00bbelement_from_right\u00bb qode_hover_animation=\u00bbzoom_in\u00bb transition_delay=\u00bb0.6&#8243;][\/vc_column][\/vc_row][vc_row css_animation=\u00bb\u00bb row_type=\u00bbrow\u00bb use_row_as_full_screen_section=\u00bbno\u00bb type=\u00bbgrid\u00bb angled_section=\u00bbno\u00bb text_align=\u00bbleft\u00bb background_image_as_pattern=\u00bbwithout_pattern\u00bb padding_top=\u00bb109&#8243; padding_bottom=\u00bb110&#8243; background_color=\u00bb#f8f8f8&#8243; z_index=\u00bb\u00bb][vc_column width=\u00bb1\/2&#8243;][vc_single_image image=\u00bb15703&#8243; img_size=\u00bbfull\u00bb alignment=\u00bbcenter\u00bb qode_css_animation=\u00bbelement_from_right\u00bb qode_hover_animation=\u00bbzoom_in\u00bb transition_delay=\u00bb0.6&#8243;][\/vc_column][vc_column width=\u00bb1\/2&#8243;]<div class=\"custom_font_holder\" style=\"font-family: Montserrat; font-size: 30px; line-height: 36px; font-style: normal; font-weight: 700; color: #ffffff; text-decoration: none; letter-spacing: 1px; text-align: center;\"><span style=\"color: #000000;\">Mantenimiento , recarga y venta de extintores<\/span><\/div>[vc_separator type=\u00bbsmall\u00bb position=\u00bbcenter\u00bb up=\u00bb19&#8243; down=\u00bb21&#8243; color=\u00bb#dadada\u00bb transparency=\u00bb1&#8243; width=\u00bb65&#8243;][vc_column_text]<\/p>\n<ul>\n<li>Recarga de Extintores nacionales, importados de PQS, CO2, H2O, Acetato<\/li>\n<li>Ventas de equipos nuevos<\/li>\n<\/ul>\n<p>[\/vc_column_text][\/vc_column][\/vc_row][vc_row css_animation=\u00bb\u00bb row_type=\u00bbrow\u00bb use_row_as_full_screen_section=\u00bbno\u00bb type=\u00bbgrid\u00bb angled_section=\u00bbno\u00bb text_align=\u00bbleft\u00bb background_image_as_pattern=\u00bbwithout_pattern\u00bb padding_top=\u00bb109&#8243; padding_bottom=\u00bb110&#8243; z_index=\u00bb\u00bb background_color=\u00bb#ffffff\u00bb][vc_column width=\u00bb1\/2&#8243;]<div class=\"custom_font_holder\" style=\"font-family: Montserrat; font-size: 30px; line-height: 36px; font-style: normal; font-weight: 700; color: #ffffff; text-decoration: none; letter-spacing: 1px; text-align: center;\"><span style=\"color: #000000;\">Productos suministros:<\/span><\/div>[vc_separator type=\u00bbsmall\u00bb position=\u00bbcenter\u00bb up=\u00bb19&#8243; down=\u00bb21&#8243; color=\u00bb#dadada\u00bb transparency=\u00bb1&#8243; width=\u00bb65&#8243;][vc_column_text]<\/p>\n<ul>\n<li>Materiales de limpieza.<\/li>\n<li>Suministro de productos higi\u00e9nicos: (papel higi\u00e9nico, papel toalla, jab\u00f3n y otros)<\/li>\n<\/ul>\n<p>[\/vc_column_text][\/vc_column][vc_column width=\u00bb1\/2&#8243;][vc_single_image image=\u00bb15680&#8243; img_size=\u00bbfull\u00bb alignment=\u00bbcenter\u00bb qode_css_animation=\u00bbelement_from_right\u00bb qode_hover_animation=\u00bbzoom_in\u00bb transition_delay=\u00bb0.6&#8243;][\/vc_column][\/vc_row]<\/p>\n<\/section>","protected":false},"excerpt":{"rendered":"<p>[vc_row css_animation=\u00bb\u00bb row_type=\u00bbrow\u00bb use_row_as_full_screen_section=\u00bbno\u00bb type=\u00bbgrid\u00bb angled_section=\u00bbno\u00bb text_align=\u00bbleft\u00bb background_image_as_pattern=\u00bbwithout_pattern\u00bb padding_top=\u00bb109&#8243; padding_bottom=\u00bb110&#8243; background_color=\u00bb#f8f8f8&#8243;][vc_column width=\u00bb1\/2&#8243;][vc_single_image image=\u00bb15674&#8243; img_size=\u00bbfull\u00bb alignment=\u00bbcenter\u00bb qode_css_animation=\u00bbelement_from_left\u00bb qode_hover_animation=\u00bbzoom_in\u00bb transition_delay=\u00bb0.3&#8243;][\/vc_column][vc_column width=\u00bb1\/2&#8243;][vc_separator type=\u00bbtransparent\u00bb up=\u00bb37&#8243; down=\u00bb0&#8243;][vc_separator type=\u00bbsmall\u00bb position=\u00bbcenter\u00bb up=\u00bb19&#8243; down=\u00bb21&#8243; color=\u00bb#dadada\u00bb transparency=\u00bb1&#8243; width=\u00bb65&#8243;][vc_column_text] Garantizamos un ambiente limpio y las condiciones higi\u00e9nicas para el \u00f3ptimo desarrollo de sus actividades profesionales&#8230;.<\/p>\n","protected":false},"author":1,"featured_media":0,"parent":0,"menu_order":0,"comment_status":"open","ping_status":"open","template":"full_width.php","meta":{"footnotes":""},"class_list":["post-15282","page","type-page","status-publish","hentry"],"_links":{"self":[{"href":"https:\/\/almaga.pe\/index.php?rest_route=\/wp\/v2\/pages\/15282","targetHints":{"allow":["GET"]}}],"collection":[{"href":"https:\/\/almaga.pe\/index.php?rest_route=\/wp\/v2\/pages"}],"about":[{"href":"https:\/\/almaga.pe\/index.php?rest_route=\/wp\/v2\/types\/page"}],"author":[{"embeddable":true,"href":"https:\/\/almaga.pe\/index.php?rest_route=\/wp\/v2\/users\/1"}],"replies":[{"embeddable":true,"href":"https:\/\/almaga.pe\/index.php?rest_route=%2Fwp%2Fv2%2Fcomments&post=15282"}],"version-history":[{"count":5,"href":"https:\/\/almaga.pe\/index.php?rest_route=\/wp\/v2\/pages\/15282\/revisions"}],"predecessor-version":[{"id":15691,"href":"https:\/\/almaga.pe\/index.php?rest_route=\/wp\/v2\/pages\/15282\/revisions\/15691"}],"wp:attachment":[{"href":"https:\/\/almaga.pe\/index.php?rest_route=%2Fwp%2Fv2%2Fmedia&parent=15282"}],"curies":[{"name":"wp","href":"https:\/\/api.w.org\/{rel}","templated":true}]}}